 5*u + 91, 19 - 4 = 5*u. What is the tens digit of v?
1
Suppose 852 + 292 = 8*v. What is the hundreds digit of v?
1
Let d = -182 - -343. What is the units digit of d?
1
Let x(v) = -2*v + 13. Let u be x(4). Suppose -38 = -y - u*k, -5*y = -k + 3*k - 259. What is the tens digit of y?
5
What is the hundreds digit of (-5 + 6)/((-3)/(-1236))?
4
Let a = -5 - -3. What is the units digit of 10 - (1 + 1)/a?
1
Let z = -5 + 5. Let o be (z + 1)*(-4 - -3). Let v = 2 - o. What is the units digit of v?
3
Let h = -19 - -27. Suppose h*n = 4*n + 32. What is the units digit of n?
8
Suppose -5*g - 13 = -4*l - 0*g, -l - 4*g - 2 = 0. Suppose -b + 15 = l*h - 4*h, b = -h. What is the units digit of b?
5
Suppose -a - 3*x = x + 8, -x = 3*a + 2. Let w = 5 - a. What is the units digit of w?
5
Suppose 3*r + 10 = 2*d - 0*d, -3*d + 15 = 4*r. Suppose -4*l = -r*l - 48. What is the tens digit of l?
1
Let f = 2 - -2. Suppose f*x - 9 = -b, 8 = -b + 2*b + 3*x. Suppose b*q + 0*q - 10 = 0. What is the units digit of q?
2
Let o(l) = 2*l**2 - 4*l - 3. Let r be o(-3). Let z = r - 12. What is the units digit of z?
5
What is the tens digit of (14 + -2)/((-5)/((-420)/9))?
1
Let n be ((-24)/20)/(4/(-10)). Suppose 0 = -n*h, l + 3*l - 52 = 2*h. What is the tens digit of l?
1
Let a = -74 - -285. What is the units digit of a?
1
What is the tens digit of -2*(-2)/18 + 151380/405?
7
Let q be (-569)/(-5) + 3/15. Let y = q - 73. What is the tens digit of y?
4
Let r(x) = x**3 - 7*x**2 + x - 7. Let q be r(7). Suppose 3*i + 2 + 16 = q. What is the units digit of i/(-4) + 7/2?
5
What is the tens digit of (5 - 7) + 88 + 0 - -1?
8
Let i(b) = b**2 + 3*b - 1. Let n be i(-2). Let j = -1 + n. What is the units digit of j/(-2) + (7 - 1)?
8
Suppose -3*g - 3*f = -4*f - 4, -2*f = g - 13. Suppose g*u + 0*u - 34 = 2*m, u + 5*m = 0. What is the tens digit of u?
1
Let w = 1 - 2. Let x = 3 + w. Suppose 4*d - 8*d + n = -25, -3*d + 25 = -x*n. What is the units digit of d?
5
Let s be 1 + 2/(6/9). What is the units digit of (s - 1)/((-5)/(-15))?
9
Suppose 3*w - 33 = n, -5*w = -3*w - n - 23. Let o = w + -15. Let q = 2 - o. What is the units digit of q?
7
Suppose 4*z = f + 6, 0*f - 3*z - 4 = -5*f. Suppose -g = -3*t - 6*g + 4, 45 = -5*t + f*g. Let v = -5 - t. What is the units digit of v?
2
Suppose m - 3*l = -2*m + 12, 5*l = 0. Suppose -4*a + 6 = -2*u + 2, m = 5*a - 2*u. Suppose a = -2*n + n + 11. What is the units digit of n?
1
Let t be 2*4/(-3)*-75. Suppose p + t = 5*o, p + 2*p = -3*o + 102. What is the units digit of o?
9
Let f = -16 - -72. What is the tens digit of f?
5
Suppose 0 = -7*g + 2*g + 15. What is the units digit of ((-8)/6)/((-1)/g)?
4
What is the tens digit of (-145)/10*2/(-1)?
2
Suppose 29 = 2*u - y - 54, -4*u + y = -165. What is the tens digit of u?
4
Suppose 0 = -2*y + 4, 0 = -4*j - y - y - 16. Let n(r) = -r - 5. Let m be n(j). Let k(v) = v**2 + 3. What is the units digit of k(m)?
3
Suppose 169 - 40 = g. What is the units digit of g?
9
Suppose 0 = 4*h + 20, 4*h - 135 - 125 = 5*t. Let m = -8 - t. Suppose 6*y - m = 2*y. What is the units digit of y?
2
Suppose 0 = -o + 5 + 5. Let p be 5/o - 193/(-2). What is the tens digit of (-6)/(-27) + p/9?
1
Let f = 36 - 15. What is the units digit of f?
1
Suppose -3*s + 21 = 3. Let j = 18 + s. What is the units digit of j?
4
Suppose z = -2 + 3. Let v(b) = -14*b**2 + 5*b + 14. Let k(h) = 5*h**2 - 2*h - 5. Let o(u) = -11*k(u) - 4*v(u). What is the units digit of o(z)?
2
Let l(p) = -3*p + 0*p - 3*p + 0*p. What is the tens digit of l(-3)?
1
Suppose 2*y = q + 3*q - 172, q = 3*y + 43. Let f = q + -6. What is the tens digit of f?
3
Suppose 0 = 3*s - s. Let o = s - -3. Suppose k - o = 1. What is the units digit of k?
4
Let y(w) be the second derivative of 7*w**4/12 - w**3/3 - w**2 - w. What is the tens digit of y(2)?
2
Suppose -2*z - 13 + 1 = 0. Let f = -5 - z. What is the units digit of f?
1
Suppose 0 = -2*m - m - 24. Suppose 0 = 2*q - 16 - 18. Let u = q + m. What is the units digit of u?
9
Suppose -i + 11 + 5 = 0. What is the units digit of i?
6
Let f = -41 - -51. What is the units digit of f?
0
Suppose -4*n + 14 = 2. Suppose -n*t - 2*t = 0. Suppose t*c = -2*c + 14. What is the units digit of c?
7
Let b(i) = 2*i**2 - 4*i - 9. Suppose 4*p - 2 = 2*z - 10, 5*z = 3*p - 8. What is the tens digit of b(z)?
3
Let p = -8 - -8. Let a = p + -3. What is the units digit of (-2)/((-6)/63) + a?
8
Let y = 0 - -4. Suppose b - y = -0*b. Suppose b*o - 3*o = 1. What is the units digit of o?
1
What is the units digit of 0/6 + 66*6/4?
9
Let j be 2*(-1)/1 + 4. Let o = 0 + j. What is the units digit of (3/o)/(12/128)?
6
Suppose 11*o - 753 = 6. What is the tens digit of o?
6
Let i = -101 - -150. What is the units digit of i?
9
Let d(v) = 11*v. What is the units digit of d(11)?
1
Suppose -2*g + 6 = -g. Suppose 46 = 5*v + g. What is the units digit of v?
8
Suppose -16*m + 19*m - 177 = 0. What is the tens digit of m?
5
Let a(u) = -2*u**2 - 10*u. Let g be a(-6). What is the units digit of (40/g)/5*-6?
4
Let y(b) be the second derivative of b**3/6 + 5*b**2 - 4*b. What is the tens digit of y(9)?
1
Let t = -24 - -42. Let j be (-18)/30 + t/5. Suppose v + 2*c = -j*v + 14, -17 = -4*v - 3*c. What is the units digit of v?
2
Let k(j) be the second derivative of j**4/6 + 2*j**3/3 + j**2/2 + 3*j. What is the units digit of k(-3)?
7
Let d be -3*(-4)/24*0. Suppose -2*o = -w - 4*o + 30, d = -3*w - o + 70. What is the tens digit of w?
2
Let l(g) = 36*g - 1. What is the tens digit of l(1)?
3
Let w be (-339)/4 - (-3)/(-12). Let m = 124 + w. What is the tens digit of m?
3
Let q be (-84)/10 + 6/15. Let r = q - -13. What is the units digit of r?
5
Let k be (-67)/3 + (-2)/(-6). Let l = k - -36. What is the units digit of l?
4
Suppose -2*d = 3*d + 75. Let y be (d/6)/(1/(-2)). Suppose 3*v + 45 = 3*s, y*s - s - 64 = 3*v. What is the units digit of s?
9
Let t(f) = -20*f + 48. What is the hundreds digit of t(-9)?
2
Let s(l) = 11*l**3 - 3*l**2 - l + 3. What is the tens digit of s(2)?
7
Suppose -3*p = p + k + 104, -4*k = 5*p + 130. Let h(v) = -2*v - 4. Let f be h(5). Let j = f - p. What is the tens digit of j?
1
Suppose 0*z - 6 = -z. Let q = z + -4. Suppose 3 = -4*x - 4*n - 5, -3*n = -q*x + 16. What is the units digit of x?
2
Let g = 1 + -1. Let q be 1*g/(3/(-3)). Suppose q = 3*a + 4*o - 14, a - 1 + 0 = -5*o. What is the units digit of a?
6
What is the tens digit of 1102/14 + (-9 - (-650)/70)?
7
Let q = -1 + 201. What is the units digit of q?
0
Let x = -27 + 19. Let v = 13 + x. What is the units digit of v?
5
Let g be 10/15 - 2/3. Let m = 10 + g. What is the tens digit of m?
1
Let h be 105/(-20) - 3/4. What is the units digit of -14*2/h*3?
4
Suppose -2*t = 5*d - 199 - 260, -2*t = -5*d + 471. What is the units digit of d?
3
Let o(z) = z**3 + 13*z**2 - 15*z + 20. What is the units digit of o(-14)?
4
Suppose -5*h + h = 0, 0 = -g - 5*h + 30. What is the tens digit of g?
3
Let i be -1 - (-14*1 - -2). Suppose -z + 6 = -16. Let w = z - i. What is the tens digit of w?
1
Suppose -4*v + 6 = -v. Let c(k) = -k + v*k + 1 + 4. What is the units digit of c(4)?
9
Let k(o) = -o + 10. Let a be k(8). Let l = 1 + a. What is the units digit of (-1 + l - 0) + 1?
3
Suppose -2*n = 4*c - 100, 0*c = 2*c - 8. Suppose -4*d = 2 - n. What is the units digit of d?
0
Let w(s) = 3*s + 20. What is the tens digit of w(12)?
5
Let m = 32 + -17. Suppose m = 5*w, 2*s + 2*s + 9 = -w. What is the units digit of 4/(-3)*s - 0?
4
Suppose -5*b + b = -2*w + 54, -5*b + 5*w = 75. Let x = 0 + -1. What is the units digit of 2/(3/(b/x))?
8
Let g(l) = l**3 - 5*l**2 + 6*l - 6. Let y be g(4). Suppose -b - y*d + 18 = 0, -4*d - 22 = -2*b - 10. What is the units digit of b?
2
Suppose -b + 4*h + 76 = 0, -5*b + 2*h = 3*h - 380. What is the units digit of b?
6
Suppose g = 2*g - 3, 4*p - 47 = -g. Let d = p - 3. Suppose -4*u + q + d = -2*u, 4*q = -4*u + 40. What is the units digit of u?
6
Suppose -5*n - 4*n = -378. What is the units digit of n?
2
Let w be -15*(20/(-6) + 3). Suppose 3*s - h = 30, w*s - 4*h = -40 + 97. Let g = 20 - s. What is the tens digit of g?
1
Suppose -1 = 3*l - 2*l + g, 2*l - 3 = 3*g. Suppose 2*t + 4*x - 32 = 2*x, l = -4*t + 5*x + 55. What is the tens digit of t?
1
Suppose 0 = -2*q + 4*q - 2. Suppose -j + 39 = q. What is the units digit of j?
8
Let d = -197 - -291. Wh